7183?
0
What is the units digit of 28543285?
5
What is the tens digit of 418562?
6
What is the tens digit of 389728?
2
What is the units digit of 948674?
4
What is the hundreds digit of 3143769?
7
What is the units digit of 4094697?
7
What is the hundreds digit of 3622375?
3
What is the hundred thousands digit of 363431?
3
What is the hundreds digit of 7513448?
4
What is the hundreds digit of 280645?
6
What is the hundreds digit of 1405343?
3
What is the ten thousands digit of 2327394?
2
What is the ten thousands digit of 12431471?
3
What is the units digit of 1021468?
8
What is the thousands digit of 237078?
7
What is the tens digit of 43066?
6
What is the tens digit of 306186?
8
What is the tens digit of 2423028?
2
What is the units digit of 299054?
4
What is the tens digit of 1462125?
2
What is the thousands digit of 3982873?
2
What is the millions digit of 5079838?
5
What is the hundreds digit of 703146?
1
What is the ten thousands digit of 189063?
8
What is the hundred thousands digit of 912543?
9
What is the tens digit of 157913?
1
What is the hundred thousands digit of 18809653?
8
What is the thousands digit of 1285632?
5
What is the thousands digit of 225530?
5
What is the tens digit of 246610?
1
What is the ten thousands digit of 10524381?
2
What is the hundred thousands digit of 12814622?
8
What is the thousands digit of 1310912?
0
What is the tens digit of 2694770?
7
What is the ten millions digit of 13164415?
1
What is the tens digit of 626969?
6
What is the ten thousands digit of 409372?
0
What is the units digit of 852870?
0
What is the units digit of 5120?
0
What is the thousands digit of 5084851?
4
What is the ten thousands digit of 357242?
5
What is the millions digit of 8829399?
8
What is the ten thousands digit of 5815141?
1
What is the hundred thousands digit of 14311502?
3
What is the hundreds digit of 5073037?
0
What is the hundred thousands digit of 562255?
5
What is the ten thousands digit of 69070?
6
What is the hundred thousands digit of 5137390?
1
What is the tens digit of 8942322?
2
What is the units digit of 6198278?
8
What is the ten thousands digit of 1743913?
4
What is the ten millions digit of 31405827?
3
What is the units digit of 1664266?
6
What is the hundreds digit of 396203?
2
What is the ten thousands digit of 447996?
4
What is the ten thousands digit of 1248976?
4
What is the hundreds digit of 1749137?
1
What is the millions digit of 45147370?
5
What is the tens digit of 2224074?
7
What is the tens digit of 15456847?
4
What is the ten thousands digit of 494777?
9
What is the hundred thousands digit of 21679428?
6
What is the thousands digit of 223279?
3
What is the ten thousands digit of 28199727?
9
What is the tens digit of 18538812?
1
What is the units digit of 462065?
5
What is the hundreds digit of 2135062?
0
What is the hundred thousands digit of 12024188?
0
What is the thousands digit of 6504921?
4
What is the hundred thousands digit of 15124323?
1
What is the units digit of 3096397?
7
What is the thousands digit of 745552?
5
What is the tens digit of 11043258?
5
What is the hundreds digit of 4077125?
1
What is the hundreds digit of 1077121?
1
What is the units digit of 28873?
3
What is the thousands digit of 480320?
0
What is the ten thousands digit of 358801?
5
What is the ten thousands digit of 29467846?
6
What is the hundreds digit of 82173?
1
What is the units digit of 6210125?
5
What is the thousands digit of 714792?
4
What is the hundreds digit of 15419?
4
What is the ten thousands digit of 180471?
8
What is the units digit of 19154107?
7
What is the tens digit of 137450?
5
What is the hundreds digit of 7013894?
8
What is the thousands digit of 375860?
5
What is the thousands digit of 1356955?
6
What is the thousands digit of 104905?
4
What is the hundreds digit of 2732121?
1
What is the units digit of 3286333?
3
What is the hundreds digit of 374527?
5
What is the units digit of 1879084?
4
What is the hundreds digit of 738789?
7
What is the hundreds digit of 197118?
1
What is the ten thousands digit of 15903440?
0
What is the hundreds digit of 13807467?
4
What is the units digit of 624349?
9
What is the thousands digit of 2837302?
7
What is the thousands digit of 328313?
8
What is the units digit of 980036?
6
What is the tens digit of 1972154?
5
What is the units digit of 1640751?
1
What is the millions digit of 6577964?
6
What is the tens digit of 488631?
3
What is the units digit of 377360?
0
What is the ten thousands digit of 255215?
5
What is the millions digit of 6377998?
6
What is the hundred thousands digit of 1860461?
8
What is the hundreds digit of 289569?
5
What is the hundreds digit of 757324?
3
What is the thousands digit of 5633098?
3
What is the ten thousands digit of 746314?
4
What is the thousands digit of 517818?
7
What is the tens digit of 269236?
3
What is the ten thousands digit of 2413765?
1
What is the thousands digit of 208501?
8
What is the hundred thousands digit of 5422841?
4
What is the hundreds digit of 1565081?
0
What is the ten thousands digit of 9225668?
2
What is the ten thousands digit of 1784465?
8
What is the tens digit of 8464277?
7
What is the hundred thousands digit of 149981?
1
What is the hundred thousands digit of 1557191?
5
What is the units digit of 58125?
5
What is the ten thousands digit of 9761816?
6
What is the tens digit of 16470?
7
What is the hundred thousands digit of 4155350?
1
What is the millions digit of 1300795?
1
What is the units digit of 434073?
3
What is the ten thousands digit of 9700533?
0
What is the hundred thousands digit of 917181?
9
What is the hundred thousands digit of 487422?
4
What is the units digit of 93094?
4
What is the hundred thousands digit of 459682?
4
What is the tens digit of 2213751?
5
What is the hundred thousands digit of 419637?
4
What is the units digit of 2376627?
7
What is the thousands digit of 59180?
9
What is the units digit of 2282838?
8
What is the hundred thousands digit of 7885458?
8
What is the ten thousands digit of 1746054?
4
What is the ten thousands digit of 1335978?
3
What is the thousands digit of 4441182?
1
What is the hundreds digit of 4389426?
4
What is the thousands digit of 68839?
8
What is the hundreds digit of 591572?
5
What is the units digit of 2460307?
7
What is the thousands digit of 1978786?
8
What is the hundred thousands digit of 808964?
8
What is the ten thousands digit of 15016894?
1
What is the units digit of 16292234?
4
What is the tens digit of 782234?
3
What is the units digit of 3695980?
0
What is the millions digit of 10776628?
0
What is the hundreds digit of 4022554?
5
What is the ten thousands digit of 5874471?
7
What is the units digit of 147811?
1
What is the millions digit of 1887543?
1
What is the tens digit of 950654?
5
What is the ten thousands digit of 15048139?
4
What is the hundred thousands digit of 6606738?
6
What is the millions digit of 8659606?
8
What is the thousands digit of 3949556?
9
What is the tens digit of 186773?
7
What is the thousands digit of 4320477?
0
What is the ten thousands digit of 45812?
4
What is the tens digit of 240040?
4
What is the millions digit of 1576723?
1
What is the ten thousands digit of 3866199?
6
What is the hundreds digit of 492969?
9
What is the units digit of 641511?
1
What is the ten thousands digit of 102504?
0
What is the tens digit of 1131320?
2
What is the tens digit of 4794113?
1
What is the units digit of 558711?
1
What is the ten thousands digit of 829426?
2
What is the millions digit of 1387224?
1
What is the tens digit of 26085216?
1
What is the units digit of 147724?
4
What is the hundreds digit of 1442509?
5
What is the units digit of 731599?
9
What is the hundred thousands digit of 261934?
2
What is the ten thousands digit of 784153?
8
What is the thousands digit of 12745129?
5
What is the units digit of 31473067?
7
What is the tens digit of 13419417?
1
What is the hundreds digit of 230069?
0
What is the hundred thousands digit of 1798609?
7
What is the units digit of 266108?
8
What is the units digit of 83411?
1
What is the hundred thousands digit of 1446023?
4
What is the millions digit of 4178213?
4
What is the thousands digit of 1612950?
2
What is the tens digit of 18148?
4
What is the thousands di